 170123
List the prime factors of 183568896.
2, 3, 7, 271
What are the prime factors of 433114105?
5, 86622821
List the prime factors of 2206482069.
3, 11, 23, 47, 5623
List the prime factors of 108478552.
2, 7, 13, 3041
List the prime factors of 71339128.
2, 7, 101, 12613
List the prime factors of 4748746.
2, 17, 19, 7351
What are the prime factors of 1346267416?
2, 13, 53, 244243
List the prime factors of 661623432.
2, 3, 1223, 22541
What are the prime factors of 4195947538?
2, 491, 4272859
List the prime factors of 170252629.
4933, 34513
List the prime factors of 82239811.
313, 262747
List the prime factors of 73447874.
2, 36723937
What are the prime factors of 162140080?
2, 5, 2026751
What are the prime factors of 136610727?
3, 11, 239, 17321
List the prime factors of 25546683.
3, 8515561
What are the prime factors of 89624891?
293, 499, 613
What are the prime factors of 1745362848?
2, 3, 18180863
List the prime factors of 2236441764.
2, 3, 37, 157, 32083
What are the prime factors of 852943791?
3, 7, 157, 258703
What are the prime factors of 255737460?
2, 3, 5, 11, 17, 23, 991
What are the prime factors of 27116760?
2, 3, 5, 11, 20543
What are the prime factors of 94073184?
2, 3, 108881
List the prime factors of 296006473.
7, 293, 144323
List the prime factors of 266966970.
2, 3, 5, 1231, 7229
What are the prime factors of 48669894?
2, 3, 7, 13, 43, 691
What are the prime factors of 80816470?
2, 5, 7, 17, 113, 601
List the prime factors of 1221515868.
2, 3, 1973, 51593
List the prime factors of 46412438.
2, 83, 279593
List the prime factors of 122033127.
3, 4259, 9551
List the prime factors of 47130181.
7, 521, 12923
List the prime factors of 102361897.
11, 9305627
What are the prime factors of 57149178?
2, 3, 71, 134153
List the prime factors of 1124839900.
2, 5, 19, 31159
List the prime factors of 17336922.
2, 3, 71, 40697
What are the prime factors of 5450596055?
5, 53, 20568287
List the prime factors of 55125627.
3, 18375209
List the prime factors of 128367142.
2, 73, 879227
List the prime factors of 34774441.
13, 2674957
List the prime factors of 139674966.
2, 3, 19, 1225219
List the prime factors of 299855131.
19, 15781849
List the prime factors of 451765945.
5, 19, 31, 131, 1171
List the prime factors of 19845536.
2, 349, 1777
What are the prime factors of 36878390?
2, 5, 3687839
What are the prime factors of 5229124394?
2, 13, 103, 1952623
What are the prime factors of 24368160?
2, 3, 5, 50767
What are the prime factors of 49235496?
2, 3, 2051479
List the prime factors of 411759163.
109, 3777607
List the prime factors of 119318597.
17, 31, 373, 607
List the prime factors of 28409533.
17, 541, 3089
What are the prime factors of 2618702521?
2618702521
List the prime factors of 50485426.
2, 47, 537079
What are the prime factors of 222648834?
2, 3, 29, 401, 3191
List the prime factors of 153312830.
2, 5, 11, 37, 139, 271
List the prime factors of 451330476.
2, 3, 79, 476087
List the prime factors of 1940812862.
2, 307, 3160933
List the prime factors of 48399735.
3, 5, 3226649
What are the prime factors of 175322256?
2, 3, 3652547
What are the prime factors of 53571146?
2, 19, 557, 2531
List the prime factors of 1956725306.
2, 167, 5858459
List the prime factors of 965490436.
2, 131, 1842539
What are the prime factors of 34018101?
3, 13, 479, 607
List the prime factors of 64687981.
461, 140321
What are the prime factors of 1993624830?
2, 3, 5, 691, 32057
List the prime factors of 290733069.
3, 11, 8810093
What are the prime factors of 1036200146?
2, 2153, 240641
List the prime factors of 3151369047.
3, 73, 757, 19009
What are the prime factors of 186411910?
2, 5, 653, 28547
What are the prime factors of 92740580?
2, 5, 149, 31121
List the prime factors of 129541471.
349, 371179
What are the prime factors of 29215313?
23, 1270231
List the prime factors of 204871963.
31, 173, 38201
What are the prime factors of 352994805?
3, 5, 7844329
List the prime factors of 2535357422.
2, 13, 29, 797, 4219
List the prime factors of 1059851764.
2, 264962941
List the prime factors of 211833037.
13, 16294849
What are the prime factors of 27698945?
5, 953, 5813
What are the prime factors of 1065582?
2, 3, 7, 2819
List the prime factors of 1132193953.
11, 83, 1240081
What are the prime factors of 6133209532?
2, 23, 66665321
List the prime factors of 29413255.
5, 5882651
What are the prime factors of 36455434?
2, 37, 492641
What are the prime factors of 39511250?
2, 5, 73, 433
What are the prime factors of 1109596909?
89, 163, 76487
List the prime factors of 3738309017.
43, 109, 797591
What are the prime factors of 1443001878?
2, 3, 281, 31699
List the prime factors of 687320422.
2, 343660211
List the prime factors of 1710131590.
2, 5, 1091, 156749
List the prime factors of 438696590.
2, 5, 47, 933397
What are the prime factors of 458819330?
2, 5, 6563, 6991
List the prime factors of 2124112777.
31, 1301, 52667
List the prime factors of 2212625453.
2212625453
What are the prime factors of 197675673?
3, 13, 293, 17299
What are the prime factors of 477190007?
7, 61, 191, 5851
List the prime factors of 193635992.
2, 11, 19, 115811
What are the prime factors of 73961754?
2, 3, 12326959
What are the prime factors of 13696360?
2, 5, 43, 7963
List the prime factors of 246665065.
5, 2897, 17029
What are the prime factors of 105234406?
2, 59, 891817
List the prime factors of 1850739775.
5, 4561, 16231
List the prime factors of 126389800.
2, 5, 59, 10711
List the prime factors of 129479921.
4523, 28627
List the prime factors of 2053496003.
13, 19, 29, 43, 59, 113
List the prime factors of 222283607.
7, 13, 2442677
List the prime factors of 2849745418.
2, 13, 61, 113, 15901
What are the prime factors of 66873086?
2, 7, 311, 15359
List the prime factors of 462731354.
2, 231365677
List the prime factors of 724302647.
277, 2614811
List the prime factors of 275767003.
29, 53, 59, 3041
What are the prime factors of 41824334?
2, 1871, 11177
List the prime factors of 37619385.
3, 5, 17, 151, 977
List the prime factors of 39013992.
2, 3, 19, 79
What are the prime factors of 37678872?
2, 3, 7, 11, 20389
List the prime factors of 872479732.
2, 29, 83, 90619
What are the prime factors of 1858932950?
2, 5, 7, 5311237
What are the prime factors of 1759913538?
2, 3, 659, 445097
List the prime factors of 273359958.
2, 3, 197, 231269
What are the prime factors of 65627564?
2, 16406891
What are the prime factors of 8108323551?
3, 89, 10122751
What are the prime factors of 7646869?
41, 4549
What are the prime factors of 543310926?
2, 3, 41, 2208581
List the prime factors of 95810948.
2, 191, 125407
What are the prime factors of 2769792634?
2, 7, 883, 224057
List the prime factors of 537610461.
3, 311, 576217
List the prime factors of 48222802.
2, 24111401
List the prime factors of 96218196.
2, 3, 8018183
What are the prime factors of 212339062?
2, 13, 8166887
What are the prime factors of 280550842?
2, 11, 13, 67
What are the prime factors of 490900998?
2, 3, 7, 3329, 3511
What are the prime factors of 1573081567?
1573081567
List the prime factors of 119900536.
2, 7, 97, 22073
What are the prime factors of 1631908776?
2, 3, 67996199
List the prime factors of 430779348.
2, 3, 31, 139, 2777
What are the prime factors of 1571070958?
2, 101, 7777579
List the prime factors of 7417958.
2, 1051, 3529
List the prime factors of 1316399393.
1087, 1211039
What are the prime factors of 50220612?
2, 3, 13, 107309
List the prime factors of 1941952082.
2, 7, 138710863
What are the prime factors of 12478613?
7, 29, 61471
List the prime factors of 2405601750.
2, 3, 5, 241, 13309
List the prime factors of 456236971.
41, 811, 13721
What are the prime factors of 1227346048?
2, 31, 309311
List the prime factors of 63641050.
2, 5, 11, 251, 461
List the prime factors of 294600236.
2, 7, 10521437
List the prime factors of 942527705.
5, 7, 26929363
List the prime factors of 963533783.
963533783
What are the prime factors of 904535601?
3, 301511867
List the prime factors of 12213707.
11, 179, 6203
List the prime factors of 10827443.
11, 43, 2081
List the prime factors of 712224154.
2, 356112077
What are the prime factors of 725647511?
233, 3114367
What are the prime factors of 113658243?
3, 17, 149, 14957